.
29
Let m be (-1)/(-8)*-30*((0 + -12)*-2)/(-2). Suppose 589 = 3*c - 2*n, -187 = -c - 4*n - 0*n. Calculate the greatest common divisor of m and c.
15
Let n(c) = -2*c**2 - 34*c + 1282. Let b be n(-34). Calculate the greatest common factor of 2562 and b.
42
Suppose -2510 = 252*u - 29726. Calculate the highest common factor of 198 and u.
18
Suppose -181*z + 14868 = -12352 + 432. Calculate the highest common factor of 8140 and z.
148
Suppose 570*j + 4368 = 752*j. Calculate the greatest common divisor of j and 402.
6
Let u(a) = a**3 - 21*a**2 + 15*a + 48. Let v be 4/(32/20)*(1 + 7). Let i be u(v). Let c = 74 + i. What is the greatest common divisor of c and 110?
22
Suppose -12*h + 564 - 12 = 0. Let u(m) = -m + 110. Let c be u(h). Calculate the highest common divisor of 24 and c.
8
Let k(v) = 3*v**2 - 11*v - 23. Let i be k(-2). Let b(s) = -2*s + 352. Let t be b(0). Calculate the greatest common factor of i and t.
11
Suppose -2*w - 412 = 7*w - 2716. What is the highest common divisor of w and 80?
16
Suppose 2*q - 162 = -0. Suppose 5*w + q + 49 = 0. Let y = 34 + w. What is the greatest common factor of 8 and y?
8
Let o = 11595 - 9930. Calculate the highest common factor of o and 296.
37
Let b be 2038/8 - 1/(-4). Suppose -3*i = 3*y - 174, -79*y + 83*y - 5*i - 169 = 0. What is the greatest common factor of y and b?
51
Let k(c) = 11*c + 56. Let i be k(2). What is the highest common divisor of 1053 and i?
39
Suppose -3*q + 0*q = -15. Let n(u) = 53*u**2 - 8*u + 11. Let w be n(3). Let s = w - 454. What is the greatest common divisor of q and s?
5
Suppose 5*c - 176 = 44. Let t be -1 + 30 - 12/(-1 + -2). What is the highest common divisor of c and t?
11
Let q(a) = a**3 + 2*a**2 - 26*a + 23. Let f be q(-4). Calculate the greatest common factor of 505 and f.
5
Suppose 0 = 317*i - 340*i + 22862. Calculate the greatest common factor of 568 and i.
142
Let i(b) = 3*b**2 + 20*b - 18. Let v be i(-8). Let f = 84 - 77. What is the highest common divisor of v and f?
7
Suppose 0 = 6*n - 2239 - 21363 + 2866. What is the greatest common divisor of n and 324?
108
Let i be 1338/4 - -1 - (-62)/124. Let j = i - 308. What is the highest common divisor of j and 112?
28
Suppose 3*b - 102 = -x, -2*x + b + 17 = -222. Let n(c) = 189*c - 2757. Let g be n(15). Calculate the highest common divisor of x and g.
39
Suppose -70*d + 46*d + 6193 = -8783. Calculate the highest common divisor of 1656 and d.
24
Suppose 4732 = 18*f - 1964. Calculate the greatest common factor of 528 and f.
12
Suppose 4*f + g + 1462 - 23703 = 0, 0 = 4*f + 4*g - 22232. What is the greatest common factor of 134 and f?
67
Let a(v) = 118*v - 1096. Let b be a(16). What is the highest common divisor of 5742 and b?
198
Let z = 12 - -60. Let w = 77 - -43. Calculate the highest common factor of z and w.
24
Suppose 0 = -0*g - 2*g + 2*a - 6, -4*a = 2*g - 24. Suppose -g - 1480 = -6*i. What is the greatest common factor of i and 13?
13
Suppose -5*x + 2*v = -398, -4*x - 112*v + 109*v + 300 = 0. Suppose -4*b + 2*b + 78 = 0. What is the greatest common factor of x and b?
39
Let k be -18*132/(-120)*(-30)/(-18). Suppose -4*y - 2*n + 4884 = 0, -5*n - 5380 - 725 = -5*y. What is the highest common factor of y and k?
33
Suppose 10*i = 5*i + 10. Suppose 5*b - 477 - 92 = -i*f, -1213 = -4*f + 5*b. What is the greatest common factor of f and 11?
11
Let s = 26824 - 26707. What is the greatest common factor of 663 and s?
39
Let k(v) = 19*v**3 + 4*v**2 + 13*v - 38. Let i be k(3). What is the greatest common factor of i and 1350?
50
Let r = 8416 - 8280. What is the greatest common divisor of 2159 and r?
17
Let c be (1 - 2/6)/(((-80)/270)/(-4)). Let t be (-8)/12*-18*3. Calculate the highest common divisor of c and t.
9
Let v(q) = -q**3 + 4*q**2 + 18*q + 17. Let n be v(7). Let c be (3/(n - -7) - 3) + 102. What is the highest common divisor of c and 10?
10
Suppose -68 = -8*k + 4*k. Let q = -16 - -38. Let m be (79 - q) + 1*-6. Calculate the greatest common divisor of k and m.
17
Suppose -25*n + 3*j + 2364 = -21*n, 5*j = 3*n - 1784. What is the highest common factor of 1071 and n?
21
Let f be (1*4222/(-4))/(45 - 364/8). Calculate the highest common factor of 1 and f.
1
Let z be 299 - (-1)/((-5)/(-20)). Let q be (-3276)/(-1001) - 6/22. Calculate the highest common divisor of q and z.
3
Let u be 2376/231 - 4/14. Let j be (14/(-28))/(2/(-48)). Let d be j/((-24)/(-10) + -2). What is the greatest common divisor of u and d?
10
Suppose d - 1 = 2*z - 8, -2*d = z - 11. Suppose 0 = 5*c + 2*o - 314, -4*c + 2*o = d*o - 250. What is the greatest common divisor of 155 and c?
31
Let k(c) = 4*c**2 + 136*c + 1174. Let h be k(-27). Calculate the greatest common factor of 1558 and h.
38
Suppose 3*t + 106 = 2*h, -14*t - 5*h = -9*t + 185. Let b(r) = 7*r**2 + 2*r + 1. Let y be b(-1). Let l = y - t. What is the highest common divisor of 12 and l?
6
Suppose 0 = i + 2*t - 16 - 21, -3*i - t + 101 = 0. Let j(k) = k**3 + k + 154. Let h be j(0). What is the greatest common factor of i and h?
11
Suppose -3*y + 215 - 111 = i, 12 = -3*y. Calculate the highest common factor of i and 48.
4
Let k(s) = -2*s**2 - 69*s + 267. Let r be k(-38). Suppose -4*v = -2*p - 32, 0*v - v + 5*p - 1 = 0. Calculate the highest common divisor of v and r.
1
Suppose 2*x - 7*x - 4*w = -505, -4*w = 3*x - 303. Suppose 226 = 2*h - 5*l, -h + 9 = -l - x. What is the highest common factor of 12 and h?
12
Let q(a) = -35*a + 12. Let k be ((-18)/15)/(87/290). Let j be q(k). Calculate the greatest common factor of 8 and j.
8
Let v(p) = 67*p - 430. Let d be v(8). Calculate the greatest common divisor of 2862 and d.
106
Let b(n) = 3*n**2 - 68*n - 819. Let o be b(33). Calculate the greatest common factor of o and 1968.
12
Let q be (5 - (-1 - 1))*(-11 + 156/13). Calculate the greatest common divisor of 6384 and q.
7
Let z(b) = 23 + 9*b - 11*b + 7*b - 37 - 44. Let y be z(16). What is the highest common factor of 121 and y?
11
Suppose 606*o = 598*o + 1320. Let x be 322/6 + (-275)/o. What is the greatest common factor of x and 13?
13
Let b = 2054 + 986. Calculate the greatest common factor of 480 and b.
160
Let j(g) = -g**2 - 13*g - 17. Let d be j(-7). Let n be 1/(4/60)*d. What is the greatest common divisor of n and 15?
15
Let k(z) = 8*z - 7. Suppose 0 = 5*a - 93 + 88. Let o be k(a). Let p be -4 + 1/o + (10 - -2). Calculate the highest common factor of 9 and p.
9
Let v = 13436 - 13426. Calculate the greatest common factor of v and 10940.
10
Suppose -2*p + 5*n + 4397 = 0, 2*p - 3812 = n + 605. Calculate the greatest common divisor of 231 and p.
33
Let h = 639 + -647. Let t be (8 - (-10 - 24)) + h. Suppose 3*l - p - 100 = 0, 0*l = -l - 3*p + 40. What is the highest common divisor of t and l?
34
Let v(i) = i**3 + 13*i**2 - 21*i - 28. Let t be (4/6)/((-48)/1008). Let n be v(t). Calculate the greatest common factor of 10 and n.
10
Suppose 6*i = 8*i - 32. Suppose -i*j = -14*j - 120. Let a be 37/((-1221)/440)*3/(-2). Calculate the greatest common divisor of a and j.
20
Let c be 81 + (6/(-2))/(-6)*(-18)/(-9). Calculate the highest common divisor of c and 14842.
82
Let q be (14 - -6) + 5/(-5). Suppose 3*v + 3*k - 21 = 6*k, q = 5*v - k. Suppose -2 = -v*c + 16. What is the highest common divisor of 48 and c?
6
Let k be 3/(-6) - (-10)/(-4). Let z = 1155 + -1159. Let n be k - 160/z - -3. What is the greatest common divisor of 160 and n?
40
Let v be (-817)/(-133) - (-18)/21. Let d(f) = -3*f - 1. Let t be d(3). Let k be 4/t - (-288)/20. Calculate the greatest common divisor of k and v.
7
Suppose -168504 = -274*f + 156*f. Calculate the greatest common factor of f and 112.
28
Let z be 504/24*(-7 - -9). Suppose -21 = 4*o - 5. Let h be (5 - o/4)*1. What is the highest common divisor of h and z?
6
Suppose -5*x + 35 = 0, -12*i - 4*x + 81628 = -7*i. Calculate the greatest common divisor of 32 and i.
32
Suppose 0 = 28*i + 50*i - 63*i - 3510. Calculate the highest common factor of 10686 and i.
78
Let z = 3761 - 486. Calculate the greatest common factor of z and 25.
25
Let u = -3106 - -7799. Calculate the highest common factor of u and 38.
19
Let x = -44 + 12. Let z be (-16)/x + 6/4. Let p be (6/(-15))/(6/(-5))*78. What is the highest common factor of z and p?
2
Let d be (-5)/2*(-12 - (-6 + 12)). Calculate the highest common factor of 435